 + 19. Let p be l(8). Suppose 0 = n - 1 - 4, 9 = 3*g - p*n. Suppose -g*t = -4*t - 192. What is the tens digit of t?
4
Let o(w) = -w**3 + 40*w**2 + 186*w + 51. What is the hundreds digit of o(43)?
5
Suppose 0 = -l + 15*l - 56. What is the units digit of l?
4
Let j(y) = 11*y - 7. Let s be j(-2). Let a = s - -34. What is the units digit of a?
5
Let o be 0/(-3 - (-1)/1). Let r be o + 9/(-3)*-1. Suppose 0 = -2*z - 2*f + 108, r*z + 4*f = -2*z + 272. What is the units digit of z?
6
Let m(g) = 17*g**2 + 10*g + 34. What is the tens digit of m(-7)?
9
Suppose 4*b - 5*o + 818 = 2239, 5*b = -o + 1798. What is the hundreds digit of b?
3
Suppose 0 = 2*p, 4*p - p = 3*d. Let z(w) = w**2 + 9*w + 2*w + 0*w**2 - 11 + d. What is the units digit of z(-13)?
5
Let h(d) = d**2 - 6*d - 5. Let x be (-147)/14*2/(-3). Let n be h(x). What is the units digit of 3/(6/n)*31?
1
Let u be 80/12*12/10. Let y = -4 - u. Let f = y + 44. What is the tens digit of f?
3
Suppose 5*r - 9423 = -3*y, -3155 = -y - 101*r + 104*r. What is the units digit of y?
6
Let g(y) = -y**3 + 7*y**2 - 7*y - 15. Let z be g(5). Suppose 408 = 2*n + 4*o + 40, 4*n - 3*o - 725 = z. What is the hundreds digit of n?
1
Let r = -6 - -67. Suppose 48 = -r*m + 64*m. What is the tens digit of m?
1
Let j be (12/21)/(-2) + 660/105. Suppose -j*w + 7*w - 193 = 0. What is the tens digit of w?
9
Let j(m) = -m**3 + 41. Let a(u) = 4*u**2 - u - 3. Let l(t) = -5*t**2 + 2*t + 4. Let x(d) = 4*a(d) + 3*l(d). Let p be x(-2). What is the units digit of j(p)?
1
Suppose 3*a + 630 = h, -3250 = -3*h - 2*h - 5*a. What is the hundreds digit of h?
6
Let m(y) be the second derivative of -8*y**3/3 + 10*y**2 + 18*y. What is the tens digit of m(-9)?
6
Let t(s) = -s**3 + 22*s**2 - 35*s - 15. What is the units digit of t(11)?
1
Suppose 3*t - 30 = -5*a, a + 8*t - 3*t = 6. What is the units digit of 4/a + 13/3?
5
Let w = 312 + -180. Suppose -32 = 2*x - w. What is the units digit of ((-11)/22)/((-1)/x)?
5
Let d = -8 - -7. Let v be d/1*(4 + -4). Suppose t + v*t - 34 = 0. What is the units digit of t?
4
Let x(l) = 266*l + 266. Let w(y) = -7*y - 7. Let b(d) = 77*w(d) + 2*x(d). Let i be 1 + -2 - (1 + 3). What is the tens digit of b(i)?
2
Let s(m) = -m**2 - m - 51. Let h be s(9). Let c = h - -150. What is the units digit of c?
9
Let h = 514 - 463. What is the units digit of h?
1
Suppose 3*i - 10 = p, 4*i - 3 = p + 11. Let f be 52/2*(-8)/(-16). Suppose -4*b + 169 = -3*s, -i*s + f = b - 15. What is the units digit of b?
0
Suppose 6*o - 3*o - 9 = 0. Suppose 283 = 5*j + 2*n, j = -0*j - o*n + 54. What is the tens digit of j?
5
Let u(g) = -2*g - 11. Let a be u(6). Let v = a - -87. What is the units digit of v?
4
Let s = -343 + 552. What is the units digit of s?
9
Let i(u) = -7*u + 19. Let h = 31 + -36. What is the units digit of i(h)?
4
Let a(z) = 10*z - 3 + 1 - 7*z + 7. What is the units digit of a(14)?
7
Let x(y) = y**2 + 2*y - 1. Let o be x(-5). Let l = o - 12. Suppose 2*c - l*v - 22 = 0, -3*c + 3*v + 43 = -2*v. What is the units digit of c?
6
Let f = 18 - 14. Suppose -4*l - f*a = -4, 3*a + a + 16 = 0. Suppose p + 230 = 5*g, -l*g - 4*p + 122 = -133. What is the units digit of g?
7
Let w(d) = -5*d**3 - d - 1. Let x be w(-1). Suppose -7*q = -x*q. Suppose -3*r - 2*r + 100 = q. What is the units digit of r?
0
Let z = 129 + 72. What is the units digit of z?
1
Suppose -i + 130 + 110 = 0. Suppose -3*y + 365 = 5*m, y + i = 3*y + 5*m. What is the hundreds digit of y?
1
Suppose 0*q - 2*q + 722 = 0. Suppose 0 = 7*d - q - 1011. What is the hundreds digit of d?
1
Let q = -2017 - -4333. What is the tens digit of q?
1
Suppose 0 = -13*f + 5*f - 512. Let n(z) = z**3 - 8*z**2 + 5*z + 2. Let d be n(6). Let p = d - f. What is the units digit of p?
4
Suppose 0 = 4*o - 7*o + 6. Suppose -5*p + 4*l + 111 - 6 = 0, p = -o*l + 7. Suppose 19*s - 134 = p*s. What is the units digit of s?
7
Let c(p) = -2*p - 12. Let a be c(-7). Suppose 24 = -2*l - 3*l + a*d, 2*l = 4*d. What is the units digit of 0/2 - 138/l?
3
Let w(n) = -n**2 + 7*n + 18. Let p be w(9). Let h be 522 - -1*p/5. Suppose h = 6*u + 162. What is the tens digit of u?
6
Let c(t) = 4*t + 9. Let l be c(18). Let u = 6 + l. What is the tens digit of u?
8
Suppose -67 - 53 = -4*x. What is the tens digit of x?
3
Suppose 485 = -5*o - 4*w + 1255, 0 = 3*o + 3*w - 462. Suppose -14*h = -12*h - o. Let i = h - 37. What is the tens digit of i?
4
Let c be (-16)/48 - (-1024)/(-6). Let o = -4 - c. What is the hundreds digit of o?
1
Let y(u) = u**3 - 5*u**2 + u - 2. Let h be y(5). Let d be (4 - 5)/((-1)/h). Suppose -84 = -d*x - 0*x. What is the units digit of x?
8
Suppose 3654 = 12*w - 9*w + 2*g, -9 = -3*g. Suppose -w = -6*l + 182. What is the tens digit of l?
3
Suppose -9*g - 10 = -11*g. Suppose 5*o + 466 = -g*u + 1591, 0 = -2*u - o + 445. What is the tens digit of u?
2
Let y be (10/(-8))/((-3)/36). What is the hundreds digit of ((-42)/y)/(1/(-65))?
1
Let w(j) be the first derivative of -j**4/2 - 4*j**3/3 - 2*j**2 + 4. Let l be w(-3). Suppose -l = -0*q - 3*q. What is the units digit of q?
0
Suppose 0 = 3*g + 4*j - 464, g + 20*j = 18*j + 152. What is the tens digit of g?
6
Suppose -l - 3*h = -6, 0 = -0*l + 4*l + 3*h - 15. Suppose -l*c + 4 = -20. What is the units digit of c?
8
Let c(m) = 2*m**2 - 10*m + 16. Let o be (-6)/(-4 + 5)*8/(-6). What is the tens digit of c(o)?
6
Suppose -a = -5*f - 35, 0 = -3*a + 5*f + 42 + 33. Suppose 3*l - a = -l + 4*v, -4*l + 5*v = -15. What is the tens digit of l?
1
Suppose -3*h = -h. Suppose h*r = 4*n - r - 19, -n + 3*r + 2 = 0. Suppose n*f - 117 = 2*f. What is the tens digit of f?
3
Let y(i) = -i**3 - 14*i**2 - 29*i - 45. What is the hundreds digit of y(-14)?
3
Let m(v) be the second derivative of 1/12*v**4 + 0 + 37/2*v**2 + 1/6*v**3 - 5*v. What is the units digit of m(0)?
7
Let y = 15 - 31. Let z = -11 - y. Suppose 0 = z*a - 0*a - 130. What is the tens digit of a?
2
Suppose -6*g + 2*g - 3*w - 6 = 0, -w = 2. Suppose -4*x + 355 - 67 = g. Suppose 3*m - x + 18 = 0. What is the tens digit of m?
1
Let w = -68 + 119. Suppose i = -s + w, 12 = 2*i + 3*s - 87. What is the units digit of i?
4
Let o = 1 + 1. Let m be (1/o)/((-3)/(-108)). What is the units digit of m*(12/9 - 0)?
4
Let s be 132/8*8/12. Suppose -23 = 5*p - l, -p + s = -3*p + l. What is the units digit of (-64)/12*6/p?
8
Let i(n) = 2*n - 4. Let z be i(4). Suppose z*k - k = -t - 18, -3*t = 5*k + 26. Let o = 12 + k. What is the units digit of o?
5
Let f = 4 + 11. Suppose -5*m + 15 = -u - 0, 0 = u - m - 1. Suppose 2*x + f - 1 = 2*b, -31 = -u*b + 3*x. What is the units digit of b?
5
Let d(z) = -z**3 + 4*z**2 + z + 5. Let f be d(4). Suppose -5*k + 1 = -f. What is the tens digit of (-12)/(-16)*22*k?
3
What is the units digit of (-4)/((4/(-5))/((-388)/(-10)))?
4
Suppose 4*j = 3*y - 2022, 121 = 5*y + 5*j - 3214. What is the tens digit of y?
7
Let a be (-415)/2*(-3 - 108/(-20)). Let h = -304 - a. What is the units digit of h?
4
Suppose 4*i = i - 45. Let j = -11 - i. Suppose -w = j*w - 2*c - 263, 3*w - 4*c = 155. What is the units digit of w?
3
Let f(q) = -50*q - 50. What is the hundreds digit of f(-9)?
4
Suppose 13 = 5*h - n - 2, 0 = h - 5*n - 27. Suppose -3*v - 390 = h*v. What is the units digit of (-9 + 4)*v/15?
6
Let t be 4/(-4)*-1*5. Let w(g) = g**2 - g. What is the units digit of w(t)?
0
Suppose 0 = 5*v - 224 + 1544. Let g be (156/15)/((-18)/(-45)). What is the tens digit of 6/(-39) - v/g?
1
Suppose 0 = 6*g - 5*g - 63. Let u = 241 - g. What is the units digit of u?
8
Let v = 108 + -105. Suppose -4*z = q + 3*q - 448, -v*q - 592 = -5*z. What is the tens digit of z?
1
Let i = -19 + 19. Suppose 4*h + 4*y = i, 5*y + 10 = -3*h - 0*h. Suppose 136 = h*l - l. What is the units digit of l?
4
Let b(k) = 7*k - 22. What is the units digit of b(6)?
0
Suppose -2*u - 3 = -13. Let t = u + 6. Let w = 14 - t. What is the units digit of w?
3
Let a = 7 - -4. Suppose -a*k + 7*k = -260. What is the tens digit of k?
6
Let r = 245 + -245. Let c be 4/2 + -2 + -2. What is the tens digit of r + c - (-34 + -1)?
3
What is the thousands digit of 93/((1 + (-2 - -2))/13)?
1
Let g(c) = -77*c + 8. Let h be g(-2). Suppose -25*x - h = -28*x. What is the tens digit of x?
5
Let f(c) = c**3 + 4*c**2 - 6. Let s be f(-3). Suppose -153 = -s*h - 3*w, 0 = 4*h - 4*w - 136 - 28. What is the tens digit of h?
